1
What are the prime factors of 284854?
2, 142427
What are the prime factors of 4825266?
2, 3, 804211
List the prime factors of 12236.
2, 7, 19, 23
List the prime factors of 887415.
3, 5, 67, 883
What are the prime factors of 1655945?
5, 19, 17431
List the prime factors of 20805818.
2, 11, 29, 32611
What are the prime factors of 2004907?
739, 2713
What are the prime factors of 1886274?
2, 3, 13, 2687
What are the prime factors of 2356255?
5, 11, 42841
List the prime factors of 55093.
37, 1489
List the prime factors of 15343.
67, 229
List the prime factors of 23645002.
2, 31, 381371
List the prime factors of 291964.
2, 47, 1553
What are the prime factors of 431327?
13, 33179
List the prime factors of 1380103.
19, 3823
List the prime factors of 1177140.
2, 3, 5, 23, 853
List the prime factors of 5202488.
2, 457, 1423
What are the prime factors of 929402?
2, 43, 101, 107
List the prime factors of 271332.
2, 3, 7537
What are the prime factors of 448083?
3, 49787
List the prime factors of 747024.
2, 3, 79, 197
What are the prime factors of 6474891?
3, 23, 107, 877
What are the prime factors of 5624702?
2, 31, 257, 353
List the prime factors of 1786440.
2, 3, 5, 14887
What are the prime factors of 2182492?
2, 13, 19, 47
List the prime factors of 957388.
2, 239347
List the prime factors of 619474.
2, 309737
What are the prime factors of 6025754?
2, 7, 430411
What are the prime factors of 602452?
2, 19, 7927
What are the prime factors of 11289?
3, 53, 71
What are the prime factors of 1457358?
2, 3, 7, 4957
What are the prime factors of 4109528?
2, 513691
List the prime factors of 35623.
7, 727
What are the prime factors of 870150?
2, 3, 5, 5801
List the prime factors of 26885412.
2, 3, 113, 2203
List the prime factors of 160101.
3, 17789
List the prime factors of 80499.
3, 26833
List the prime factors of 2012997.
3, 7, 95857
What are the prime factors of 208034?
2, 41, 43, 59
List the prime factors of 85879.
157, 547
List the prime factors of 424276.
2, 73, 1453
What are the prime factors of 3375549?
3, 23, 709
What are the prime factors of 3804582?
2, 3, 634097
List the prime factors of 260096.
2, 127
List the prime factors of 431638.
2, 107, 2017
List the prime factors of 859486.
2, 17, 1487
List the prime factors of 21599724.
2, 3, 17, 113, 937
List the prime factors of 409049.
97, 4217
What are the prime factors of 197741?
197741
What are the prime factors of 237304?
2, 29663
What are the prime factors of 19897?
101, 197
List the prime factors of 846089.
19, 44531
What are the prime factors of 2370168?
2, 3, 10973
What are the prime factors of 376088?
2, 53, 887
List the prime factors of 26877.
3, 17, 31
What are the prime factors of 1720058?
2, 860029
List the prime factors of 2772926.
2, 13, 23, 4637
What are the prime factors of 2644870?
2, 5, 264487
List the prime factors of 342211.
342211
List the prime factors of 105676.
2, 29, 911
List the prime factors of 1329284.
2, 11, 30211
What are the prime factors of 15141468?
2, 3, 1261789
List the prime factors of 8232483.
3, 7, 373, 1051
List the prime factors of 941104.
2, 131, 449
What are the prime factors of 6950889?
3, 11, 61, 1151
List the prime factors of 487659.
3, 162553
What are the prime factors of 7724935?
5, 1544987
List the prime factors of 1699151.
19, 37, 2417
List the prime factors of 4041333.
3, 16631
List the prime factors of 509887.
7, 23, 3167
List the prime factors of 17032972.
2, 11, 23, 16831
What are the prime factors of 9114169?
1489, 6121
What are the prime factors of 14108924?
2, 569, 6199
List the prime factors of 241157.
7, 47, 733
What are the prime factors of 1665970?
2, 5, 166597
What are the prime factors of 7636898?
2, 19, 200971
What are the prime factors of 61653?
3, 20551
What are the prime factors of 6194216?
2, 7, 53, 2087
What are the prime factors of 420156?
2, 3, 11, 1061
What are the prime factors of 143763?
3, 173, 277
What are the prime factors of 565767?
3, 37, 1699
List the prime factors of 13800775.
5, 552031
List the prime factors of 796201.
7, 16249
List the prime factors of 176339.
19, 9281
What are the prime factors of 96164?
2, 29, 829
List the prime factors of 961013.
631, 1523
List the prime factors of 8469141.
3, 2823047
What are the prime factors of 97368?
2, 3, 4057
What are the prime factors of 3264980?
2, 5, 163249
What are the prime factors of 376470?
2, 3, 5, 47, 89
What are the prime factors of 2085089?
2085089
List the prime factors of 692258.
2, 7, 197, 251
List the prime factors of 3904285.
5, 7, 11, 10141
What are the prime factors of 16890331?
89, 101, 1879
List the prime factors of 1322401.
97, 13633
What are the prime factors of 1966547?
11, 31, 73, 79
What are the prime factors of 8936277?
3, 7, 31, 37, 53
What are the prime factors of 21212847?
3, 261887
List the prime factors of 338376.
2, 3, 23, 613
What are the prime factors of 282994?
2, 141497
What are the prime factors of 174513?
3, 58171
List the prime factors of 46859.
47, 997
List the prime factors of 2987110.
2, 5, 7, 139, 307
What are the prime factors of 70476?
2, 3, 7, 839
What are the prime factors of 84800?
2, 5, 53
List the prime factors of 2553147.
3, 94561
List the prime factors of 5350810.
2, 5, 109, 4909
What are the prime factors of 538994?
2, 29, 9293
What are the prime factors of 56399?
7, 1151
List the prime factors of 18065071.
1229, 14699
What are the prime factors of 4052658?
2, 3, 509, 1327
List the prime factors of 125433.
3, 7, 11, 181
What are the prime factors of 27814?
2, 13907
What are the prime factors of 1200712?
2, 150089
List the prime factors of 92540.
2, 5, 7, 661
What are the prime factors of 153054?
2, 3, 11, 773
What are the prime factors of 757046?
2, 378523
What are the prime factors of 1200204?
2, 3, 11113
What are the prime factors of 1082917?
11, 17, 5791
List the prime factors of 143705.
5, 41, 701
List the prime factors of 2858293.
31, 92203
List the prime factors of 1764111.
3, 588037
List the prime factors of 20522571.
3, 6840857
What are the prime factors of 313922?
2, 7, 17, 1319
What are the prime factors of 15607674?
2, 3, 289031
List the prime factors of 22794963.
3, 211, 36011
What are the prime factors of 1685119?
1685119
List the prime factors of 298197.
3, 17, 1949
What are the prime factors of 136096?
2, 4253
List the prime factors of 115618.
2, 57809
What are the prime factors of 3101431?
1499, 2069
List the prime factors of 8297667.
3, 7, 43, 1021
List the prime factors of 906867.
3, 13, 23, 337
What are the prime factors of 2463056?
2, 153941
List the prime factors of 5995178.
2, 7, 428227
List the prime factors of 257954.
2, 101, 1277
List the prime factors of 172159.
13, 17, 19, 41
What are the prime factors of 330387?
3, 110129
List the prime factors of 25236779.
25236779
What are the prime factors of 24044360?
2, 5, 97, 6197
List the prime factors of 431641.
7, 23, 383
What are the prime factors of 17611562?
2, 8805781
List the prime factors of 169762.
2, 17, 4993
List the prime factors of 3839405.
5, 767881
What are the prime factors of 674697?
3, 239, 941
What are the prime factors of 3966745?
5, 607, 1307
What are the prime factors of 4730940?
2, 3, 5, 8761
What are the prime factors of 17080288?
2, 43, 12413
List the prime factors of 14953757.
7, 13, 101, 1627
What are the prime factors of 3701041?
409, 9049
List the prime factors of 671067.
3, 173, 431
List the prime factors of 20635138.
2, 157, 65717
List the prime factors of 5036845.
5, 11, 17, 5387
What are the prime factors of 1967646?
2, 3, 327941
What are the prime factors of 794943?
3, 88327
List the prime factors of 474094.
2, 101, 2347
What are the prime factors of 3674864?
2, 31, 239
List the prime factors of 1694903.
7, 242129
List the prime factors of 1409128.
2, 7, 25163
What are the prime factors of 190647?
3, 23, 307
What are the prime factors of 16580588?
2, 37, 112031
What are the prime factors of 65950?
2, 5, 1319
List the prime factors of 77185.
5, 43, 359
List the prime factors of 166887.
3, 7, 883
What are the prime factors of 32755541?
7, 13, 593, 607
List the prime factors of 28231683.
3, 9410561
What are the prime factors of 228237?
3, 76079
List the prime factors of 6876685.
5, 1375337
List the prime factors of 3375910.
2, 